 base 6, what is -10233 - -550?
-5243
In base 8, what is 21110 + 31?
21141
In base 4, what is -1 - 2123112200?
-2123112201
In base 3, what is -12102221 + -2121?
-12112112
In base 4, what is 132231 - -102?
132333
In base 10, what is -179782 - -3?
-179779
In base 5, what is 10021 - -243?
10314
In base 4, what is 13031 + 103303?
123000
In base 4, what is -2211 - -1011?
-1200
In base 12, what is -1476 - 13?
-1489
In base 2, what is -1000101 - -10010111?
1010010
In base 12, what is 119 - 384?
-267
In base 12, what is -1 - -118b0?
118ab
In base 11, what is 4 - -115411?
115415
In base 5, what is -41130 - -130?
-41000
In base 16, what is -30d32 + -1?
-30d33
In base 6, what is 135114 - -42?
135200
In base 6, what is 25003214 + -1?
25003213
In base 16, what is 1e22 + -3?
1e1f
In base 16, what is -1 + -de471?
-de472
In base 7, what is 5366 + -31?
5335
In base 4, what is -303 - 3301321?
-3302230
In base 15, what is 4 + -50d68?
-50d64
In base 8, what is -415404 + -4?
-415410
In base 14, what is 3 - -3cc3?
3cc6
In base 5, what is 21212344 - -20?
21212414
In base 4, what is 10 - 1302222?
-1302212
In base 5, what is -113 + 23023?
22410
In base 9, what is 6182 - -12?
6204
In base 6, what is -315453 - -3?
-315450
In base 9, what is -32 + -433?
-465
In base 12, what is 0 + 79a1?
79a1
In base 12, what is 175b0 - -9?
175b9
In base 15, what is 19dd3 - 3?
19dd0
In base 5, what is 3 + 1411223?
1411231
In base 6, what is 24221 - 335?
23442
In base 5, what is 3214330 + -2?
3214323
In base 6, what is 1054541 + -13?
1054524
In base 16, what is 1a41 + 27?
1a68
In base 13, what is -826 - -34c?
-4a7
In base 8, what is -20 - -1011?
771
In base 11, what is -2 - -a25?
a23
In base 10, what is 24 - -22?
46
In base 6, what is 1352144 - -5?
1352153
In base 3, what is -12220 - -1102?
-11111
In base 8, what is -1402 + -37?
-1441
In base 4, what is 2230333 + -1?
2230332
In base 13, what is 332 + -32?
300
In base 8, what is 1440101 + 14?
1440115
In base 5, what is 203 + -1110134?
-1104431
In base 3, what is -11 - 102221221?
-102222002
In base 2, what is 101011 + -110101011?
-110000000
In base 3, what is -1101100220 + -11?
-1101101001
In base 4, what is -3132330310 - -2?
-3132330302
In base 12, what is -2b6 - 2?
-2b8
In base 4, what is -3 + -30232002?
-30232011
In base 11, what is 36651 + -23?
36629
In base 9, what is 304 - -3176?
3481
In base 8, what is 17 - -203416?
203435
In base 15, what is 0 - -1a5835?
1a5835
In base 9, what is 57 + 8131?
8188
In base 14, what is -6789 + -10?
-6799
In base 16, what is -406 + 337?
-cf
In base 2, what is 1011 + -111101010?
-111011111
In base 13, what is 0 - -86aa?
86aa
In base 14, what is -2d + -b5ca?
-b619
In base 16, what is -1b72 + -4?
-1b76
In base 7, what is -323330 - -1?
-323326
In base 3, what is 12 - -222211011020?
222211011102
In base 12, what is 18097 + -9?
1808a
In base 12, what is 182 + -521?
-35b
In base 13, what is 29786 - 10?
29776
In base 13, what is -2 + 166a?
1668
In base 10, what is -4 - -309310?
309306
In base 4, what is -100 - -2011332?
2011232
In base 3, what is -200111010111 + 12?
-200111010022
In base 13, what is -1 - -3c1c?
3c1b
In base 9, what is -2400 + 20?
-2370
In base 12, what is 2 - -1588?
158a
In base 5, what is -12244 - -3?
-12241
In base 4, what is 1123011 + -112?
1122233
In base 6, what is 452 - -1253?
2145
In base 3, what is -1 - 101221110?
-101221111
In base 12, what is -7 + 30072?
30067
In base 13, what is -4448 - -1?
-4447
In base 6, what is 221 + 251?
512
In base 8, what is 17127 + -716?
16211
In base 2, what is 10 - 10111010001000?
-10111010000110
In base 3, what is 1 - 100010111001?
-100010111000
In base 11, what is -7 + -3672?
-3679
In base 12, what is 23b95 - -1?
23b96
In base 14, what is -73 - 121?
-194
In base 12, what is 13 - -a2a?
a41
In base 15, what is 2c24 + -118?
2b0b
In base 6, what is 4 + 21005332?
21005340
In base 4, what is -22 - 220203201?
-220203223
In base 4, what is 231101313 + -2?
231101311
In base 14, what is c + -8d60?
-8d52
In base 4, what is -10 - -111331300?
111331230
In base 7, what is 1203 - 422?
451
In base 5, what is -1320 + 1124?
-141
In base 13, what is 3 + 7b13?
7b16
In base 9, what is 754 + -45?
708
In base 14, what is -2 + -78ac2?
-78ac4
In base 7, what is 6253 - 154?
6066
In base 16, what is -3 + -7157?
-715a
In base 2, what is -1010010000110000 - 1101001?
-1010010010011001
In base 14, what is -4 + 8d5?
8d1
In base 6, what is -5 + -13112?
-13121
In base 10, what is -2276133 - -2?
-2276131
In base 9, what is -3 - 25338?
-25342
In base 12, what is 202581 + 3?
202584
In base 16, what is -2 + 25fc?
25fa
In base 13, what is -35946 + -2?
-35948
In base 4, what is 33102 + -10033?
23003
In base 14, what is 5ac - 9d8?
-42a
In base 9, what is -1764 - -43?
-1721
In base 8, what is 1 + 332352?
332353
In base 14, what is 8c2 - -333?
c15
In base 14, what is 2b21b - -1?
2b21c
In base 5, what is -1144344 - -220?
-1144124
In base 2, what is -1011001100011100010101 + 0?
-1011001100011100010101
In base 6, what is -142 - 21155?
-21341
In base 7, what is -21045 - -16?
-21026
In base 9, what is -172880 - -13?
-172866
In base 13, what is -1b1675 - 3?
-1b1678
In base 16, what is -4 + -17cfc?
-17d00
In base 2, what is -1110111101011111000 - 100?
-1110111101011111100
In base 14, what is -90 + -471?
-521
In base 10, what is 40 + -10873?
-10833
In base 16, what is 198e - 8c?
1902
In base 11, what is -14828 + -2?
-1482a
In base 11, what is -884 - -509?
-376
In base 14, what is -1 + -24063?
-24064
In base 3, what is 100 - 21110211?
-21110111
In base 14, what is -1 - dabcb?
-dabcc
In base 12, what is -474 - 228?
-6a0
In base 12, what is -5 + -434a5?
-434aa
In base 9, what is -4 + 11344?
11340
In base 5, what is -104 + -33113?
-33222
In base 2, what is -10100010101 + 11000?
-10011111101
In base 11, what is 1 + -5001a?
-50019
In base 9, what is -178 + 711?
522
In base 3, what is -1102 - 22110010?
-22111112
In base 11, what is 1915877 - -1?
1915878
In base 2, what is 1010011100 - 100111110?
101011110
In base 9, what is -3082 - 18?
-3111
In base 4, what is 301132 - -12010?
313202
In base 2, what is -1101011011 + -1001111?
-1110101010
In base 7, what is 1136121 - -5?
1136126
In base 9, what is -2034 - 305?
-2340
In base 3, what is 220010220 - 10?
220010210
In base 9, what is -236462 - 16?
-236478
In base 16, what is 20 - -ee95?
eeb5
In base 16, what is 362cf - -1?
362d0
In base 9, what is 2 - -80748?
80751
In base 14, what is -182 - -100?
-82
In base 16, what is 2c6 + -95?
231
In base 15, what is -373 - b5?
-438
In base 4, what is -2 + -2221130?
-2221132
In base 9, what is -50455 - -56?
-50388
In base 13, what is 227a + 21?
229b
In base 16, what is -4 + b97fb?
b97f7
In base 14, what is -303 + aa1?
79c
In base 7, what is 4 - -4564?
4601
In base 10, what is 7 + 1662?
1669
In base 3, what is 122110002111 + -11?
122110002100
In base 16, what is 4c765 - -2?
4c767
In base 4, what is 11 - 1220012?
-1220001
In base 3, what is -120001100 + -1011?
-120002111
In base 11, what is -5 + 46934?
4692a
In base 11, what is 2a0196 + 0?
2a0196
In base 14, what is -73c35 + -3?
-73c38
In base 13, what is -5204 - -2?
-5202
In base 13, what is 26b + 33?
2a1
In base 10, what is -2 - 13372?
-13374
In base 15, what is 5b1 - 10?
5a1
In base 2, what is -101111110111 - 1000000?
-110000110111
In base 2, what is 10010101001011101 - -1?
10010101001011110
In base 11, what is 616 + -4?
612
In base 3, what is 121001112212 - -11?
121001120000
In base 12, what is a4 - 6916?
-6832
In base 12, what is -9 + -2230?
-2239
In base 8, what is -21 + 25476?
25455
In base 6, what is -1522200 + -2?
-1522202
In base 7, what is -63152 + -1?
-63153
In base 10, what is 4790 + -214?
4576
In base 8, what is -526031 - 3?
-526034
In base 15, what is -1c + 1cba?
1c9d
In base 15, what is 696a - -2?
696c
In base 5, what is 110 + 4114?
4224
In base 5, what is -33010114 + -42?
-33010211
In base 4, what is -100333 - 2023?
-103022
In base 16, what is -c - -99b?
98f
In base 12, what is -3 - 7a88?
-7a8b
In base 10, what is 0 - -258355?
258355
In base 16, what is -14e27 + -4?
-14e2b
In base 4, what is -111200121 - -201?
-111133320
In base 12, what is -4 + 11425?
11421
In base 5, what is -1202 + 4024?
2322
In base 7, what is -135210 + -2?
-135212
In base 5, what is 2110 -